3423967?
4
What is the units digit of 2637840?
0
What is the thousands digit of 1524487?
4
What is the tens digit of 13156056?
5
What is the millions digit of 16174705?
6
What is the hundreds digit of 11137581?
5
What is the ten thousands digit of 61517?
6
What is the units digit of 7889575?
5
What is the units digit of 1306607?
7
What is the ten thousands digit of 1475688?
7
What is the tens digit of 355025?
2
What is the thousands digit of 165405?
5
What is the ten thousands digit of 11464?
1
What is the hundreds digit of 638683?
6
What is the thousands digit of 4315256?
5
What is the thousands digit of 88994?
8
What is the hundred thousands digit of 427262?
4
What is the tens digit of 324453?
5
What is the hundred thousands digit of 14025153?
0
What is the hundreds digit of 973722?
7
What is the units digit of 2516992?
2
What is the ten thousands digit of 897292?
9
What is the hundreds digit of 263653?
6
What is the ten thousands digit of 2456344?
5
What is the units digit of 2162987?
7
What is the tens digit of 943069?
6
What is the thousands digit of 178714?
8
What is the ten thousands digit of 59745?
5
What is the hundred thousands digit of 1704815?
7
What is the thousands digit of 5569785?
9
What is the thousands digit of 721737?
1
What is the ten thousands digit of 190791?
9
What is the units digit of 2271473?
3
What is the tens digit of 5676610?
1
What is the ten thousands digit of 2793065?
9
What is the hundred thousands digit of 589302?
5
What is the tens digit of 5047454?
5
What is the ten thousands digit of 21589?
2
What is the ten millions digit of 15034928?
1
What is the ten thousands digit of 258090?
5
What is the hundred thousands digit of 14353366?
3
What is the hundred thousands digit of 1773533?
7
What is the units digit of 11316?
6
What is the hundreds digit of 589566?
5
What is the hundreds digit of 3640240?
2
What is the units digit of 183982?
2
What is the hundred thousands digit of 299474?
2
What is the millions digit of 6919893?
6
What is the tens digit of 5878483?
8
What is the hundreds digit of 149326?
3
What is the tens digit of 684608?
0
What is the hundreds digit of 2857866?
8
What is the tens digit of 491464?
6
What is the tens digit of 2260468?
6
What is the hundreds digit of 7763476?
4
What is the tens digit of 356807?
0
What is the ten thousands digit of 173928?
7
What is the thousands digit of 720131?
0
What is the units digit of 318096?
6
What is the tens digit of 99130?
3
What is the thousands digit of 248999?
8
What is the hundred thousands digit of 10005276?
0
What is the units digit of 158335?
5
What is the ten thousands digit of 2065597?
6
What is the ten thousands digit of 2550243?
5
What is the hundreds digit of 28959584?
5
What is the hundreds digit of 784042?
0
What is the hundred thousands digit of 348072?
3
What is the units digit of 165524?
4
What is the hundred thousands digit of 1003508?
0
What is the tens digit of 808696?
9
What is the ten thousands digit of 346942?
4
What is the thousands digit of 708919?
8
What is the units digit of 479867?
7
What is the thousands digit of 7488901?
8
What is the thousands digit of 167323?
7
What is the hundred thousands digit of 566626?
5
What is the hundred thousands digit of 16874226?
8
What is the hundreds digit of 1619189?
1
What is the units digit of 3069703?
3
What is the hundred thousands digit of 851386?
8
What is the hundred thousands digit of 157299?
1
What is the tens digit of 1502133?
3
What is the hundreds digit of 3338265?
2
What is the tens digit of 141959?
5
What is the hundred thousands digit of 826499?
8
What is the tens digit of 124057?
5
What is the thousands digit of 320128?
0
What is the units digit of 3221966?
6
What is the units digit of 6319205?
5
What is the tens digit of 107931?
3
What is the hundred thousands digit of 15308439?
3
What is the thousands digit of 207500?
7
What is the thousands digit of 4254148?
4
What is the thousands digit of 2174926?
4
What is the units digit of 1126763?
3
What is the ten millions digit of 10753158?
1
What is the tens digit of 172896?
9
What is the ten thousands digit of 906841?
0
What is the thousands digit of 6132840?
2
What is the thousands digit of 14820?
4
What is the thousands digit of 335818?
5
What is the ten thousands digit of 1374872?
7
What is the units digit of 8228892?
2
What is the hundreds digit of 252745?
7
What is the hundreds digit of 462732?
7
What is the units digit of 7128039?
9
What is the thousands digit of 759509?
9
What is the tens digit of 21360106?
0
What is the tens digit of 1288436?
3
What is the hundreds digit of 8713942?
9
What is the ten thousands digit of 30168?
3
What is the hundred thousands digit of 24374811?
3
What is the millions digit of 1428365?
1
What is the hundred thousands digit of 502714?
5
What is the hundreds digit of 4026805?
8
What is the hundreds digit of 345469?
4
What is the ten millions digit of 14980152?
1
What is the thousands digit of 6919999?
9
What is the ten millions digit of 10471813?
1
What is the tens digit of 215444?
4
What is the millions digit of 1630357?
1
What is the tens digit of 267277?
7
What is the millions digit of 2326252?
2
What is the thousands digit of 304844?
4
What is the units digit of 3476009?
9
What is the units digit of 2285?
5
What is the thousands digit of 602624?
2
What is the hundred thousands digit of 1972087?
9
What is the ten thousands digit of 1488781?
8
What is the units digit of 121417?
7
What is the thousands digit of 11123956?
3
What is the units digit of 662376?
6
What is the tens digit of 5032857?
5
What is the thousands digit of 892716?
2
What is the hundreds digit of 719238?
2
What is the hundred thousands digit of 2748316?
7
What is the tens digit of 58599?
9
What is the tens digit of 19523437?
3
What is the hundred thousands digit of 8435131?
4
What is the thousands digit of 1352616?
2
What is the thousands digit of 6419685?
9
What is the hundreds digit of 19218529?
5
What is the hundreds digit of 867898?
8
What is the hundreds digit of 4446646?
6
What is the ten thousands digit of 1064878?
6
What is the units digit of 558301?
1
What is the hundreds digit of 277364?
3
What is the hundreds digit of 23365631?
6
What is the hundreds digit of 300432?
4
What is the hundreds digit of 898558?
5
What is the units digit of 3998541?
1
What is the units digit of 39825?
5
What is the tens digit of 359235?
3
What is the millions digit of 4898640?
4
What is the thousands digit of 1270703?
0
What is the ten millions digit of 13614243?
1
What is the thousands digit of 262738?
2
What is the tens digit of 205709?
0
What is the hundred thousands digit of 22691546?
6
What is the hundreds digit of 660254?
2
What is the units digit of 488609?
9
What is the millions digit of 19315815?
9
What is the tens digit of 348532?
3
What is the millions digit of 2712397?
2
What is the units digit of 218743?
3
What is the units digit of 35035414?
4
What is the hundreds digit of 15863564?
5
What is the hundred thousands digit of 151085?
1
What is the hundred thousands digit of 1945971?
9
What is the tens digit of 395511?
1
What is the thousands digit of 13052865?
2
What is the millions digit of 8216297?
8
What is the hundred thousands digit of 231211?
2
What is the hundred thousands digit of 354232?
3
What is the tens digit of 771889?
8
What is the ten thousands digit of 10021614?
2
What is the units digit of 119618?
8
What is the millions digit of 18172805?
8
What is the units digit of 752222?
2
What is the units digit of 381904?
4
What is the hundreds digit of 6657858?
8
What is the thousands digit of 3220584?
0
What is the ten thousands digit of 10402657?
0
What is the units digit of 1273625?
5
What is the tens digit of 88374?
7
What is the thousands digit of 1743214?
3
What is the hundred thousands digit of 29227694?
2
What is the tens digit of 428646?
4
What is the ten thousands digit of 29587557?
8
What is the thousands digit of 3873584?
3
What is the hundreds digit of 809452?
4
What is the millions digit of 9386886?
9
What is the ten thousands digit of 2530012?
3
What is the hundred thousands digit of 141191?
1
What is the ten millions digit of 13138998?
1
What is the thousands digit of 2941626?
1
What is the hundreds dig